94)?
37
What is 70 + (-12 - (-28 - -15 - -17))?
54
Evaluate 0 + 0 + -15 + -15 + (-16 + 33 - -10).
-3
What is (-11 - -91) + 105 + -172?
13
(19 - 132) + 32 + 70
-11
Evaluate -83 + (-1835 - -1839 - (1 + -19)).
-61
Calculate -37 + 16 + (15 - 11) + 27.
10
Evaluate -12 + -2 + -57 + (53 - 7).
-25
(4 - -63 - 5) + -146
-84
What is -44 - (69 + -146 - -42)?
-9
-14 - (15 + (-9 - 13) + -1)
-6
What is -195 + (-121 - -143 - -86)?
-87
What is the value of 102 + 9 + (-17 - 1) + 33 + -14?
112
What is the value of -37 - -15 - (-116 + (10 - -13)) - (-1 - -4)?
68
What is (-35 - 59 - -157) + (-21 - 1)?
41
84 - (-8 - (31 - 14 - 20))
89
What is -15 + 10 - (48 - (-6 - -5)) - (-75 - -85)?
-64
(-249 - -247) + 5 + -26
-23
What is (-42 - -83) + -64 - (-2 - -30)?
-51
What is (-68 - 2 - (102 + -99 - 16)) + 11 + 1?
-45
Evaluate -4 + -27 + -8 + 11 + -12 + 5.
-35
-55 - (4 + -87 + 59)
-31
Evaluate 14 - (-13 - (0 - (30 + -20 + 7))).
10
What is the value of -52 + (18 - (8 - 3) - (-16 - -20))?
-43
Evaluate -13 + (-5 - (-69 + -24)) + -19.
56
Evaluate 4 + -15 + (0 - -6) + (-23 - -4 - 12).
-36
Evaluate 147 - (286 + 105 - 140).
-104
-15 - (98 - 87 - (24 + -17))
-19
Calculate (-20 - (-10 - -22 - 27 - -8)) + -3.
-16
Calculate (-7 - (18 - (22 - -4))) + 43.
44
What is 151 - 136 - (-11 - -1) - (1 + -1 + -2)?
27
Evaluate 32 + (-4 + 9 - (12 - -108)).
-83
What is -67 + (42 - -16 - 48)?
-57
(5 + -14 - (-124 - -156)) + (5 - -12)
-24
-3 - (2 - ((-24 - 9) + 16 - -34))
12
What is (233 - 150) + (16 - 20)?
79
What is the value of 122 + -118 + (15 - 14)?
5
What is 15 + -7 - (-41 + 28) - 15?
6
Calculate -49 - (-27 - (38 - -14)).
30
-21 - (-2 + 33 + -109)
57
What is the value of (4 - (37 + -23 + -14 - (-2 - -8))) + -74?
-64
What is (-8 + 4 - (-12 + 2 + -95)) + (15 - 20)?
96
What is (-3 - 15) + -4 + 15 + 4 + 62 + -6?
53
What is -8 + 13 + (-6 - -16) + -60?
-45
What is -109 + (-38 - (-175 - -112))?
-84
What is the value of 2 + -6 + -29 + 42 + -3 + 4?
10
143 - (-10 + (34 - -125))
-6
Calculate (-15 - (-20 - -8)) + (-28 - -26).
-5
What is the value of 40 + -70 + -19 - (-23 - -3)?
-29
21 + (-22 - (-41 + 61 + -24 + -2))
5
What is (-100 - (-79 - -15)) + 7?
-29
What is 2 - (100 + -85 + 22)?
-35
Calculate -48 - ((-65 - -141) + -74).
-50
Calculate 5 - (24 + -22 - -87) - 7.
-91
What is the value of (-91 - (-2 - -4)) + (905 - 915)?
-103
(46 - 10) + (-23 - 55)
-42
Calculate 168 + 47 + -92 + -27.
96
What is 1 + 83 + (173 - 8 - 171)?
78
What is the value of (14 + -32 - -10) + 15 + 3 + -37?
-27
-29 + -1 - (43 + -43 + 12)
-42
What is the value of -28 + (-34 - (-50 + 40 + -10))?
-42
Evaluate -1 + 51 - 2 - (-84 + 54).
78
What is (1119 - 1118 - (1 - (14 - -2))) + (-6 - 1)?
9
Calculate -80 - -1 - (4715 - 4757).
-37
(51 - (57 + -57 - (5 + -1))) + -17 + 7
45
What is (5 + -5 + 3 - (-178 - -193)) + 24?
12
What is the value of 0 - 108 - (-60 - -25 - (-4 + -1 + -21))?
-99
Evaluate (23 + -53 - 68) + (-5 - -1) + 16.
-86
Calculate 206 - 196 - (-2 - -4) - (-4 + -3).
15
What is -21 - (-68 - -8 - 5 - (-44 + 47))?
47
Evaluate -2 - -30 - 1 - (29 - (62 - 17 - 20)).
23
What is (-139 - -42) + -6 + (-3 - (-22 + 5)) - -11?
-78
What is the value of 11 + 5 + -12 - -32?
36
Evaluate 10 - ((-511 - -531) + (42 - (0 + 1))).
-51
Evaluate -18 + (-26 - 2 - -20 - (-7 - -2)).
-21
Calculate -28 - 0 - (-1 - -1) - (41 - (45 + 5)).
-19
What is the value of 60 + -14 + 25 + 0 + (-6 - (8 - 5))?
62
What is 2 + 36 + (-6 - 4) + 0?
28
What is the value of -3 + 0 - (136 - (299 - 64)) - 4?
92
What is 16 - (682 + -667 - (-1 - -24))?
24
Calculate -8 + 19 - (0 + 3 + -5 + -2).
15
14 - (-11 - 2 - (21 + 0 + -30) - 84)
102
What is 49 + (-53 - -16 - -3)?
15
Evaluate 35 + -40 + 11 + 29.
35
Calculate 2 + -24 + (-25 - (11 + -61)) + -24.
-21
Calculate -50 - (88 - 43 - 65).
-30
Evaluate 61 + -57 - (-3 - (18 + -11 + 14)).
28
(-15 - (-12 - (0 - 2 - -9))) + 75
79
Evaluate -151 + 111 + 50 + -1.
9
What is 35 + (18 - (-57 - -44))?
66
What is the value of 33 + (-25 - (-3 + -3)) + -43?
-29
Evaluate -27 - (34 + -3 - (-446 + 502)).
-2
What is the value of 89 + -18 + -25 - (-2 - -23)?
25
Evaluate -21 + -30 - -41 - -4.
-6
What is the value of -51 - (-9 + -9 - 53)?
20
What is the value of 28 + (-13 - (44 - 16)) - (-1 - 7)?
-5
What is (1 - 0) + (4 - -29) + (52 - 53 - 9)?
24
What is the value of 3978 + -4009 + (-25 - (-1 + -1))?
-54
What is -112 - (-28 + 30) - -151?
37
Evaluate -110 - 4 - 8 - (-56 - -43) - (-1 - -8).
-116
What is -51 - (3 - ((3 - (-1 - -3)) + (110 - 110)))?
-53
What is the value of 37 + -59 + (8 + -4 - (-7 - -17)) + 4?
-24
What is -23 - ((0 - -10) + (-32 - (-71 + 36)))?
-36
Evaluate 34 - (34 + -43 + 32) - (70 - 3).
-56
305 + -296 - (7 + 6 + -14 + -28)
38
Calculate 9 + 21 + -41 - (16 + -7) - -63.
43
-72 + (20 + -41 + 33 - -6)
-54
Calculate 1 + (4 + 12 + -5 - 5) + (20 - 16).
11
Evaluate ((-1 - 2) + -56 - 0) + (24 + 29 - 44).
-50
What is (98 - 90) + 0 + -68 - (-24 + 16)?
-52
Evaluate -2 + 0 + -7 + (-8 - (-58 - (-13 + 0))).
28
What is the value of 4569 + -4455 - (1 + 91)?
22
What is the value of 30 - (50 - -51 - 45)?
-26
Evaluate 37 - 27 - -10 - (-4 - 26).
50
Evaluate -15 + (2 - 71 - (18 + -14) - 1).
-89
What is the value of -115 + -142 + 63 + 133?
-61
Calculate 0 + 10 + 796 + -783 + 1.
24
What is 4516 + -4514 + (48 - 3) + (2 - 1)?
48
49 + (-6 - (-2 + -1)) + -53 + 46
39
Calculate -31 + (-69 - -60) + 3.
-37
Calculate (-301 - -255) + 160 - (8 - 1).
107
What is the value of 57 - (2 + -3 - (4 + -7)) - (2255 - 2262)?
62
Evaluate (0 - -26) + -40 + -41.
-55
What is the value of 47 - -121 - 9 - 89?
70
What is the value of (0 + 1 - 6) + (-32 - -67 - 2) + -44?
-16
What is the value of -1 - -50 - (-597 + 612) - -32?
66
Calculate 2 + (-74 - 8 - (-13 + 1 + 13)).
-81
What is 43 - (2 + (15 - -39))?
-13
Calculate (-995 - -1033) + 0 + -35.
3
What is (-23 - -129) + -135 - -160?
131
Calculate -3 + (12 - -44) - (27 + -61 + 14).
73
Evaluate (9 - 42) + 13 + (-3 + (-3 - -5) - 1).
-22
What is -1 + -62 - 1 - (19 + (-1 - (19 + 2)))?
-61
(18 - (-27 + 85) - 23) + -8
-71
(-5 - -2) + (351 - 433)
-85
Evaluate 14 - ((10 - (12 - 10)) + (8 - -14)).
-16
Evaluate 52 + 0 + (73 - (3 - -39)) + (-1 - -3).
85
Evaluate 111 + (27 + 3 - 10 - (2 - 8)) + -13.
124
What is 8 + (-49 - -5) + (-2 - 3) + 8?
-33
Calculate -36 + 171 - (-4 - -155).
-16
-175 - -103 - (0 + 10 + (-8 - (-2 + -6)))
-82
What is -48 - (-14 - -8) - -2 - 5 - (130 + -140)?
-35
What is (-22 - (-2 - (4 + 21))) + (65 - 3) + 1?
68
What is (45 - (-99 + 156)) + (-1 + -72 - 1) + -11?
-97
What is 2 + 3 - ((4 + 63 - 21) + -13)?
-28
-29 - -2 - (-87 - (-103 - -33))
-10
25 - ((2 - (10 - 1)) + 17 + 1)
14
(1 - (2 + (3 - 12))) + 130 + -231 + 195
102
What is (-32 - -22 - (-19 + 36)) + 23?
-4
Evaluate 35 - 63 - (-6 - (6 + -3)) - -2.
-17
Evaluate -37 + (11 - (-105 + 42)).
37
11 - (3 - 58) - (13 - 12) - -9
74
What is the value of -23 - (-1 - (1 + -5) - (12 - (25 - 18)))?
-21
Evaluate -86 + 40 + 9 + -3 + 2 + -23.
-61
What is the value of (-32 - (-5 - (13 - 1))) + 1 + 16?
2
8 - ((45 - (9 + 14)) + 7) - 39
-60
Evaluate (14 - 89) + (-106 + 77 - 0).
-104
-189 + 231 + -9 + -1 - 13 - -8
27
What is 37 + -34 - -1 - (-2 + -41 - -1)?
46
What is the value of -118 - (-27 - (5 + -2 + (-2 - 22)))?
-112
Calculate -196 - -164 - (-3 + 9 - 116).
78
What is the value of 1 - 93 - (139 - 129) - (-8 + 11)?
-105
What is the value of (12 - -1) + -16 + -37 + 29 - -15?
4
What is the value of (37 - 18) + -32 - 21?
-34
Calculate -139 - (238 + -297 + 32 + 6).
-118
What is the value of 0 + 12 + 7 + 50?
69
Evaluate -103 + 146 + -75 + -80.
-112
What is the value of -35 + 24 + 45 - (0 - -20)?
14
Evaluate 33 - ((-67 - -45) + 101).
-46
What is the value of 6 - (115 - 88) - 81?
-102
What is (-65 - 5) + (27 - 5 - 6) + -18?
-72
Calculate 0 + 9 + 17782 + -17788 + -2 + -48 + 0.
-47
What is the value of -7 - -7 - -67 - 11 - (-11 + 15 - -7)?
45
What is (100 - 94) + (1 - 0) + -5 + -6 + 5?
1
Calculate (45 - 12) + 8 - ((19 - 4) + -27).
53
12 + -35 + 30 - 30
-23
What is -12 + 13 + -35 + 25 + 0 + 0?
-9
Evaluate 3 - (28 - (-17 - (-57 - -14))).
1
What is (-37 - (-4 - 22)) + 34?
23
Evaluate 2 - (-59 - -46) - -43.
58
What is -27 - (59 - (-10 - (-22 + 1)))?
-75
What is -61 + -2 + -1 + 19 + (-40 - -32)?
-53
What is 79 - (-109 + 129 - -39)?
20
54 + -8 - 60 - -52
38
Calculate (-7 - -14 - -4) + 20 + (-2 - 1).
28
What is (-9 - (-4 - (